{"id":79402537,"date":"2021-06-21T15:42:26","date_gmt":"2021-06-21T15:42:26","guid":{"rendered":"https:\/\/blog.grancursosonline.com.br\/?page_id=79402537"},"modified":"2021-06-21T15:42:26","modified_gmt":"2021-06-21T15:42:26","slug":"rj","status":"publish","type":"page","link":"https:\/\/faculdade.grancursosonline.com.br\/blog\/rj\/","title":{"rendered":"Concursos P\u00fablicos no Rio de Janeiro RJ | 2021"},"content":{"rendered":"<h2 class=\"post-title left\">Lista dos Concursos P\u00fablicos abertos, previstos e em andamento no estado do Rio de Janeiro RJ.<\/h2>\n<\/p>\n<div class=\"container-tabela\"><table>\n<thead>\n<tr>\n<th>\u00d3rg\u00e3o<\/th>\n<th>Escolaridade<\/th>\n<\/tr>\n<\/thead>\n<tbody>\n<tr>\n<td><a href=\"https:\/\/blog.grancursosonline.com.br\/concurso-pge-rj\/\" target=\"_blank\" rel=\"noopener\">Concurso PGE RJ: Procuradoria Geral do Estado do Rio de Janeiro<\/a><\/td>\n<td>N\u00edvel m\u00e9dio e superior<\/td>\n<\/tr>\n<tr>\n<td><a href=\"https:\/\/blog.grancursosonline.com.br\/concurso-seap-rj\/\" target=\"_blank\" rel=\"noopener\">Concurso Seap RJ: Secretaria de Estado de Administra\u00e7\u00e3o Penitenci\u00e1ria do Rio de Janeiro<\/a><\/td>\n<td>N\u00edvel m\u00e9dio e superior<\/td>\n<\/tr>\n<tr>\n<td><a href=\"https:\/\/blog.grancursosonline.com.br\/concurso-pmerj-soldado\/\" target=\"_blank\" rel=\"noopener\">Concurso PM RJ Soldado: Pol\u00edcia Militar do Estado do Rio de Janeiro<\/a><\/td>\n<td>N\u00edvel m\u00e9dio<\/td>\n<\/tr>\n<tr>\n<td><a href=\"https:\/\/blog.grancursosonline.com.br\/concurso-policia-civil-rj\" target=\"_blank\" rel=\"noopener\">Concurso PC RJ: Pol\u00edcia Civil do Rio de Janeiro<\/a><\/td>\n<td>N\u00edvel fundamental, m\u00e9dio e superior<\/td>\n<\/tr>\n<tr>\n<td><a href=\"https:\/\/blog.grancursosonline.com.br\/concurso-colegio-pedro-ii\/\" target=\"_blank\" rel=\"noopener\">Concurso Col\u00e9gio Pedro II<\/a><\/td>\n<td>N\u00edvel m\u00e9dio e superior<\/td>\n<\/tr>\n<tr>\n<td><a href=\"https:\/\/blog.grancursosonline.com.br\/concurso-tre-rj\/\" target=\"_blank\" rel=\"noopener\">Concurso TRE RJ: Tribunal Regional Eleitoral do Estado do Rio de Janeiro\u00a0<\/a><\/td>\n<td>N\u00edvel m\u00e9dio e superior<\/td>\n<\/tr>\n<tr>\n<td><a href=\"https:\/\/blog.grancursosonline.com.br\/concurso-uff\/\" target=\"_blank\" rel=\"noopener\">Concurso UFF: Universidade Federal Fluminense\u00a0<\/a><\/td>\n<td>N\u00edvel \u00a0m\u00e9dio-t\u00e9cnico e superior<\/td>\n<\/tr>\n<tr>\n<td><a href=\"https:\/\/blog.grancursosonline.com.br\/concurso-degase-rj\/\" target=\"_blank\" rel=\"noopener\">Concurso Degase RJ: \u00a0Departamento Geral de A\u00e7\u00f5es Socioeducativas<\/a><\/td>\n<td>N\u00edvel m\u00e9dio<\/td>\n<\/tr>\n<tr>\n<td><a href=\"https:\/\/blog.grancursosonline.com.br\/concurso-rioprevidencia\" target=\"_blank\" rel=\"noopener\">Concurso Rioprevid\u00eancia: \u00a0Fundo \u00danico de Previd\u00eancia Social do Estado do Rio de Janeiro<\/a><\/td>\n<td>N\u00edvel m\u00e9dio e superior<\/td>\n<\/tr>\n<tr>\n<td><a href=\"https:\/\/blog.grancursosonline.com.br\/concurso-dpe-rj\" target=\"_blank\" rel=\"noopener\">Concurso DPE RJ: Defensoria P\u00fablica do Estado do Rio de Janeiro<strong>\u00a0<\/strong><\/a><\/td>\n<td>N\u00edvel m\u00e9dio e superior<\/td>\n<\/tr>\n<tr>\n<td><a href=\"https:\/\/blog.grancursosonline.com.br\/concurso-tcm-rj-edital\/\" target=\"_blank\" rel=\"noopener\">Concurso TCM RJ: Tribunal de Contas do Munic\u00edpio do Rio de Janeiro<\/a><\/td>\n<td>N\u00edvel superior<\/td>\n<\/tr>\n<tr>\n<td><a href=\"https:\/\/blog.grancursosonline.com.br\/concurso-seeduc-rj\/\" target=\"_blank\" rel=\"noopener\">Concurso Seeduc RJ: Secretaria Estadual de Educa\u00e7\u00e3o do Rio de Janeiro<\/a><\/td>\n<td>N\u00edvel superior<\/td>\n<\/tr>\n<tr>\n<td><a href=\"https:\/\/blog.grancursosonline.com.br\/concurso-ipasg-sao-goncalo-rj\/\" target=\"_blank\" rel=\"noopener\">Concurso IPASG S\u00e3o Gon\u00e7alo RJ: Instituto de Previd\u00eancia e Assist\u00eancia dos Servidores Municipais de S\u00e3o Gon\u00e7alo <\/a><\/td>\n<td>N\u00edvel m\u00e9dio e superior<\/td>\n<\/tr>\n<tr>\n<td><a href=\"https:\/\/blog.grancursosonline.com.br\/concurso-cremerj\/\" target=\"_blank\" rel=\"noopener\">Concurso CREMERJ: \u00a0Conselho Regional de Medicina do Rio de Janeiro<\/a><\/td>\n<td>N\u00edvel m\u00e9dio, t\u00e9cnico e superior<\/td>\n<\/tr>\n<tr>\n<td><a href=\"https:\/\/blog.grancursosonline.com.br\/concurso-fesaude-niteroi-rj\/\" target=\"_blank\" rel=\"noopener\">Concurso FeSa\u00fade Niter\u00f3i RJ<\/a><\/td>\n<td>N\u00edvel fundamental, m\u00e9dio e superior<\/td>\n<\/tr>\n<tr>\n<td><a href=\"https:\/\/blog.grancursosonline.com.br\/concurso-pmerj-oficial\" target=\"_blank\" rel=\"noopener\">Concurso PMERJ Oficial: Pol\u00edcia Militar do Estado do Rio de Janeiro<\/a><\/td>\n<td>N\u00edvel superior<\/td>\n<\/tr>\n<tr>\n<td><a href=\"https:\/\/blog.grancursosonline.com.br\/concurso-nilopolis-rj\/\" target=\"_blank\" rel=\"noopener\">Concurso Prefeitura Nil\u00f3polis RJ<\/a><\/td>\n<td>N\u00edvel fundamental, m\u00e9dio e superior<\/td>\n<\/tr>\n<tr>\n<td><a href=\"https:\/\/blog.grancursosonline.com.br\/concurso-camara-de-itaperuna-rj\/\" target=\"_blank\" rel=\"noopener\">Concurso C\u00e2mara de Itaperuna RJ<\/a><\/td>\n<td>N\u00edvel fundamental, m\u00e9dio e superior<\/td>\n<\/tr>\n<tr>\n<td><a href=\"https:\/\/blog.grancursosonline.com.br\/concurso-nova-iguacu-rj\/\" target=\"_blank\" rel=\"noopener\">Concurso Prefeitura Nova Igua\u00e7u RJ<\/a><\/td>\n<td>N\u00edvel fundamental, m\u00e9dio e superior<\/td>\n<\/tr>\n<tr>\n<td><a href=\"https:\/\/blog.grancursosonline.com.br\/concurso-cabo-frio-rj\/\" target=\"_blank\" rel=\"noopener\">Concurso Prefeitura Cabo Frio<\/a><\/td>\n<td>N\u00edvel fundamental, m\u00e9dio, t\u00e9cnico e superior<\/td>\n<\/tr>\n<tr>\n<td><a href=\"https:\/\/blog.grancursosonline.com.br\/concurso-sasdh-niteroi-rj\/\" target=\"_blank\" rel=\"noopener\">Concurso SASDH Niter\u00f3i: Secretaria de Assist\u00eancia Social e Direitos Humanos<\/a><\/td>\n<td>A definir<\/td>\n<\/tr>\n<tr>\n<td><a href=\"https:\/\/blog.grancursosonline.com.br\/concurso-mendes-rj\/\" target=\"_blank\" rel=\"noopener\">Concurso Prefeitura Municipal de Mendes RJ<\/a><\/td>\n<td>A definir<\/td>\n<\/tr>\n<tr>\n<td><a href=\"https:\/\/blog.grancursosonline.com.br\/concurso-prefeitura-de-rio-bonito-rj\/\" target=\"_blank\" rel=\"noopener\">Concurso Prefeitura de Rio Bonito RJ<\/a><\/td>\n<td>N\u00edvel fundamental, m\u00e9dio e superior<\/td>\n<\/tr>\n<tr>\n<td><a href=\"https:\/\/blog.grancursosonline.com.br\/concurso-campos-dos-goytacazes-rj\/\" target=\"_blank\" rel=\"noopener\">Concurso Prefeitura Campos dos Goytacazes RJ<\/a><\/td>\n<td>a definir<\/td>\n<\/tr>\n<tr>\n<td><a href=\"https:\/\/blog.grancursosonline.com.br\/concurso-sao-joao-de-meriti-rj\/\" target=\"_blank\" rel=\"noopener\">Concurso Prefeitura S\u00e3o Jo\u00e3o de Meriti RJ<\/a><\/td>\n<td>N\u00edvel m\u00e9dio e superior<\/td>\n<\/tr>\n<tr>\n<td><a href=\"https:\/\/blog.grancursosonline.com.br\/concurso-prefeitura-de-petropolis-rj\/\" target=\"_blank\" rel=\"noopener\">Concurso Prefeitura de Petr\u00f3polis RJ<\/a><\/td>\n<td>A definir<\/td>\n<\/tr>\n<tr>\n<td><a href=\"https:\/\/blog.grancursosonline.com.br\/concurso-iss-rj\/\" target=\"_blank\" rel=\"noopener\">Concurso ISS RJ: \u00a0Secretaria Municipal de Fazenda do Rio de Janeiro\u00a0<\/a><\/td>\n<td>A definir<\/td>\n<\/tr>\n<tr>\n<td><a href=\"https:\/\/blog.grancursosonline.com.br\/concurso-sao-jose-do-vale-do-rio-preto-rj\/\" target=\"_blank\" rel=\"noopener\">Concurso Prefeitura S\u00e3o Jos\u00e9 do Vale do Rio Preto RJ<\/a><\/td>\n<td>N\u00edvel fundamental, m\u00e9dio, t\u00e9cnico e superior<\/td>\n<\/tr>\n<tr>\n<td><a href=\"https:\/\/blog.grancursosonline.com.br\/concurso-mangaratiba-rj\/\" target=\"_blank\" rel=\"noopener\">Concurso Mangaratiba RJ<\/a><\/td>\n<td>N\u00edvel \u00a0m\u00e9dio, t\u00e9cnico e superior<\/td>\n<\/tr>\n<\/tbody>\n<\/table><\/div>\n<p>\n","protected":false},"excerpt":{"rendered":"<p>Lista dos Concursos P\u00fablicos abertos, previstos e em andamento no estado do Rio de Janeiro RJ.<\/p>\n","protected":false},"author":487,"featured_media":0,"parent":0,"menu_order":0,"comment_status":"closed","ping_status":"closed","template":"","meta":{"_acf_changed":false,"content-type":"","footnotes":""},"class_list":["post-79402537","page","type-page","status-publish","hentry"],"acf":[],"yoast_head":"<!-- This site is optimized with the Yoast SEO Premium plugin v27.2 (Yoast SEO v27.2) - https:\/\/yoast.com\/product\/yoast-seo-premium-wordpress\/ -->\n<title>Concursos P\u00fablicos no Rio de Janeiro RJ | 2021 | Blog Gran Faculdade<\/title>\n<meta name=\"description\" content=\"Concursos RJ: Lista dos Concursos P\u00fablicos no estado do Rio de Janeiro. Concursos Abertos, Previstos e em Andamento. Confira!\" \/>\n<meta name=\"robots\" content=\"index, follow, max-snippet:-1, max-image-preview:large, max-video-preview:-1\" \/>\n<link rel=\"canonical\" href=\"https:\/\/faculdade.grancursosonline.com.br\/blog\/rj\/\" \/>\n<meta property=\"og:locale\" content=\"pt_BR\" \/>\n<meta property=\"og:type\" content=\"article\" \/>\n<meta property=\"og:title\" content=\"Concursos P\u00fablicos no Rio de Janeiro RJ | 2021\" \/>\n<meta property=\"og:description\" content=\"Concursos RJ: Lista dos Concursos P\u00fablicos no estado do Rio de Janeiro. Concursos Abertos, Previstos e em Andamento. Confira!\" \/>\n<meta property=\"og:url\" content=\"https:\/\/faculdade.grancursosonline.com.br\/blog\/rj\/\" \/>\n<meta property=\"og:site_name\" content=\"Blog Gran Faculdade\" \/>\n<meta property=\"article:publisher\" content=\"https:\/\/www.facebook.com\/grancursosonline\/\" \/>\n<meta property=\"og:image\" content=\"https:\/\/blog-es-static.infra.grancursosonline.com.br\/wp-content\/uploads\/2024\/12\/13165451\/blog-gran-faculdade.webp\" \/>\n\t<meta property=\"og:image:width\" content=\"1201\" \/>\n\t<meta property=\"og:image:height\" content=\"676\" \/>\n\t<meta property=\"og:image:type\" content=\"image\/webp\" \/>\n<meta name=\"twitter:card\" content=\"summary_large_image\" \/>\n<meta name=\"twitter:site\" content=\"@gran_online\" \/>\n<meta name=\"twitter:label1\" content=\"Est. reading time\" \/>\n\t<meta name=\"twitter:data1\" content=\"2 minutos\" \/>\n<script type=\"application\/ld+json\" class=\"yoast-schema-graph\">{\"@context\":\"https:\/\/schema.org\",\"@graph\":[{\"@type\":\"WebPage\",\"@id\":\"https:\/\/faculdade.grancursosonline.com.br\/blog\/rj\/\",\"url\":\"https:\/\/faculdade.grancursosonline.com.br\/blog\/rj\/\",\"name\":\"Concursos P\u00fablicos no Rio de Janeiro RJ | 2021 | Blog Gran Faculdade\",\"isPartOf\":{\"@id\":\"https:\/\/faculdade.grancursosonline.com.br\/blog\/#website\"},\"datePublished\":\"2021-06-21T15:42:26+00:00\",\"description\":\"Concursos RJ: Lista dos Concursos P\u00fablicos no estado do Rio de Janeiro. Concursos Abertos, Previstos e em Andamento. Confira!\",\"breadcrumb\":{\"@id\":\"https:\/\/faculdade.grancursosonline.com.br\/blog\/rj\/#breadcrumb\"},\"inLanguage\":\"pt-BR\",\"potentialAction\":[{\"@type\":\"ReadAction\",\"target\":[\"https:\/\/faculdade.grancursosonline.com.br\/blog\/rj\/\"]}]},{\"@type\":\"BreadcrumbList\",\"@id\":\"https:\/\/faculdade.grancursosonline.com.br\/blog\/rj\/#breadcrumb\",\"itemListElement\":[{\"@type\":\"ListItem\",\"position\":1,\"name\":\"In\u00edcio\",\"item\":\"https:\/\/faculdade.grancursosonline.com.br\/blog\/\"},{\"@type\":\"ListItem\",\"position\":2,\"name\":\"Concursos P\u00fablicos no Rio de Janeiro RJ | 2021\"}]},{\"@type\":\"WebSite\",\"@id\":\"https:\/\/faculdade.grancursosonline.com.br\/blog\/#website\",\"url\":\"https:\/\/faculdade.grancursosonline.com.br\/blog\/\",\"name\":\"Blog Gran Faculdade\",\"description\":\"Tudo sobre ensino superior, p\u00f3s-gradua\u00e7\u00e3o, enem e carreira.\",\"publisher\":{\"@id\":\"https:\/\/faculdade.grancursosonline.com.br\/blog\/#organization\"},\"potentialAction\":[{\"@type\":\"SearchAction\",\"target\":{\"@type\":\"EntryPoint\",\"urlTemplate\":\"https:\/\/faculdade.grancursosonline.com.br\/blog\/?s={search_term_string}\"},\"query-input\":{\"@type\":\"PropertyValueSpecification\",\"valueRequired\":true,\"valueName\":\"search_term_string\"}}],\"inLanguage\":\"pt-BR\"},{\"@type\":\"Organization\",\"@id\":\"https:\/\/faculdade.grancursosonline.com.br\/blog\/#organization\",\"name\":\"Gran Cursos Online\",\"url\":\"https:\/\/faculdade.grancursosonline.com.br\/blog\/\",\"logo\":{\"@type\":\"ImageObject\",\"inLanguage\":\"pt-BR\",\"@id\":\"https:\/\/faculdade.grancursosonline.com.br\/blog\/#\/schema\/logo\/image\/\",\"url\":\"https:\/\/blog-es-static.infra.grancursosonline.com.br\/wp-content\/uploads\/2019\/08\/03123934\/logo.png\",\"contentUrl\":\"https:\/\/blog-es-static.infra.grancursosonline.com.br\/wp-content\/uploads\/2019\/08\/03123934\/logo.png\",\"width\":300,\"height\":57,\"caption\":\"Gran Cursos Online\"},\"image\":{\"@id\":\"https:\/\/faculdade.grancursosonline.com.br\/blog\/#\/schema\/logo\/image\/\"},\"sameAs\":[\"https:\/\/www.facebook.com\/grancursosonline\/\",\"https:\/\/x.com\/gran_online\",\"https:\/\/www.instagram.com\/grancursosonline\/\",\"https:\/\/www.youtube.com\/user\/grancursostv\"]}]}<\/script>\n<!-- \/ Yoast SEO Premium plugin. -->","yoast_head_json":{"title":"Concursos P\u00fablicos no Rio de Janeiro RJ | 2021 | Blog Gran Faculdade","description":"Concursos RJ: Lista dos Concursos P\u00fablicos no estado do Rio de Janeiro. Concursos Abertos, Previstos e em Andamento. Confira!","robots":{"index":"index","follow":"follow","max-snippet":"max-snippet:-1","max-image-preview":"max-image-preview:large","max-video-preview":"max-video-preview:-1"},"canonical":"https:\/\/faculdade.grancursosonline.com.br\/blog\/rj\/","og_locale":"pt_BR","og_type":"article","og_title":"Concursos P\u00fablicos no Rio de Janeiro RJ | 2021","og_description":"Concursos RJ: Lista dos Concursos P\u00fablicos no estado do Rio de Janeiro. Concursos Abertos, Previstos e em Andamento. Confira!","og_url":"https:\/\/faculdade.grancursosonline.com.br\/blog\/rj\/","og_site_name":"Blog Gran Faculdade","article_publisher":"https:\/\/www.facebook.com\/grancursosonline\/","og_image":[{"width":1201,"height":676,"url":"https:\/\/blog-es-static.infra.grancursosonline.com.br\/wp-content\/uploads\/2024\/12\/13165451\/blog-gran-faculdade.webp","type":"image\/webp"}],"twitter_card":"summary_large_image","twitter_site":"@gran_online","twitter_misc":{"Est. reading time":"2 minutos"},"schema":{"@context":"https:\/\/schema.org","@graph":[{"@type":"WebPage","@id":"https:\/\/faculdade.grancursosonline.com.br\/blog\/rj\/","url":"https:\/\/faculdade.grancursosonline.com.br\/blog\/rj\/","name":"Concursos P\u00fablicos no Rio de Janeiro RJ | 2021 | Blog Gran Faculdade","isPartOf":{"@id":"https:\/\/faculdade.grancursosonline.com.br\/blog\/#website"},"datePublished":"2021-06-21T15:42:26+00:00","description":"Concursos RJ: Lista dos Concursos P\u00fablicos no estado do Rio de Janeiro. Concursos Abertos, Previstos e em Andamento. Confira!","breadcrumb":{"@id":"https:\/\/faculdade.grancursosonline.com.br\/blog\/rj\/#breadcrumb"},"inLanguage":"pt-BR","potentialAction":[{"@type":"ReadAction","target":["https:\/\/faculdade.grancursosonline.com.br\/blog\/rj\/"]}]},{"@type":"BreadcrumbList","@id":"https:\/\/faculdade.grancursosonline.com.br\/blog\/rj\/#breadcrumb","itemListElement":[{"@type":"ListItem","position":1,"name":"In\u00edcio","item":"https:\/\/faculdade.grancursosonline.com.br\/blog\/"},{"@type":"ListItem","position":2,"name":"Concursos P\u00fablicos no Rio de Janeiro RJ | 2021"}]},{"@type":"WebSite","@id":"https:\/\/faculdade.grancursosonline.com.br\/blog\/#website","url":"https:\/\/faculdade.grancursosonline.com.br\/blog\/","name":"Blog Gran Faculdade","description":"Tudo sobre ensino superior, p\u00f3s-gradua\u00e7\u00e3o, enem e carreira.","publisher":{"@id":"https:\/\/faculdade.grancursosonline.com.br\/blog\/#organization"},"potentialAction":[{"@type":"SearchAction","target":{"@type":"EntryPoint","urlTemplate":"https:\/\/faculdade.grancursosonline.com.br\/blog\/?s={search_term_string}"},"query-input":{"@type":"PropertyValueSpecification","valueRequired":true,"valueName":"search_term_string"}}],"inLanguage":"pt-BR"},{"@type":"Organization","@id":"https:\/\/faculdade.grancursosonline.com.br\/blog\/#organization","name":"Gran Cursos Online","url":"https:\/\/faculdade.grancursosonline.com.br\/blog\/","logo":{"@type":"ImageObject","inLanguage":"pt-BR","@id":"https:\/\/faculdade.grancursosonline.com.br\/blog\/#\/schema\/logo\/image\/","url":"https:\/\/blog-es-static.infra.grancursosonline.com.br\/wp-content\/uploads\/2019\/08\/03123934\/logo.png","contentUrl":"https:\/\/blog-es-static.infra.grancursosonline.com.br\/wp-content\/uploads\/2019\/08\/03123934\/logo.png","width":300,"height":57,"caption":"Gran Cursos Online"},"image":{"@id":"https:\/\/faculdade.grancursosonline.com.br\/blog\/#\/schema\/logo\/image\/"},"sameAs":["https:\/\/www.facebook.com\/grancursosonline\/","https:\/\/x.com\/gran_online","https:\/\/www.instagram.com\/grancursosonline\/","https:\/\/www.youtube.com\/user\/grancursostv"]}]}},"_links":{"self":[{"href":"https:\/\/faculdade.grancursosonline.com.br\/blog\/wp-json\/wp\/v2\/pages\/79402537","targetHints":{"allow":["GET"]}}],"collection":[{"href":"https:\/\/faculdade.grancursosonline.com.br\/blog\/wp-json\/wp\/v2\/pages"}],"about":[{"href":"https:\/\/faculdade.grancursosonline.com.br\/blog\/wp-json\/wp\/v2\/types\/page"}],"author":[{"embeddable":true,"href":"https:\/\/faculdade.grancursosonline.com.br\/blog\/wp-json\/wp\/v2\/users\/487"}],"replies":[{"embeddable":true,"href":"https:\/\/faculdade.grancursosonline.com.br\/blog\/wp-json\/wp\/v2\/comments?post=79402537"}],"version-history":[{"count":0,"href":"https:\/\/faculdade.grancursosonline.com.br\/blog\/wp-json\/wp\/v2\/pages\/79402537\/revisions"}],"wp:attachment":[{"href":"https:\/\/faculdade.grancursosonline.com.br\/blog\/wp-json\/wp\/v2\/media?parent=79402537"}],"curies":[{"name":"wp","href":"https:\/\/api.w.org\/{rel}","templated":true}]}}